*2 + 2*d + 6. Let w(g) = 6*m(g) + 5*u(g). Let x be w(6). Suppose -2*v + 27 = x. What are the prime factors of v?
2, 5
Suppose 5*b + 1 - 13 = 2*r, 3*r - 28 = -4*b. Let c = 1 + 1. Suppose -7*n + 37 = -2*n - r*g, 2*n + c = -4*g. What are the prime factors of n?
5
Suppose -3*s + 1 = -2. What are the prime factors of s - (-14 - -1 - -2)?
2, 3
Let l be -2*3*(-4 - -2). Let j be 40/(-12)*(-3)/2. Suppose 18 = j*n - 4*i - l, 3*n + 2*i + 4 = 0. List the prime factors of n.
2
Let s = 242 - 140. Suppose 0 = -3*k - 4*a + s, -3*k - 34 = -4*k - 3*a. Suppose 2 = j + 3*h, -3*h - k = -2*j + 6. List the prime factors of j.
2, 7
Let h = -8 - -2. List the prime factors of (-3)/9 + (-44)/h.
7
Let f = -8 - -11. Suppose 111 = 3*a - 0*a. Suppose -f*q + a = -8. List the prime factors of q.
3, 5
Let n = 404 - 271. What are the prime factors of n?
7, 19
Suppose -4*i = -h + 4, -4*i = -0*h + h + 36. What are the prime factors of 9/(-12) + (-156)/h?
3
Suppose 0 = -r + 4 + 23. What are the prime factors of r?
3
Suppose -6 - 2 = -2*x. Suppose x*h + 1 - 5 = 0. Let n = 4 - h. What are the prime factors of n?
3
What are the prime factors of 3 + -1 - 4 - -66?
2
Let t = 17 + 13. List the prime factors of t.
2, 3, 5
Suppose -158 = -5*b + 4*c, -2*b = -7*b - 5*c + 140. List the prime factors of b.
2, 3, 5
Suppose -4*l + 1248 = 4*l. What are the prime factors of l?
2, 3, 13
Let p(t) = -t**3 + 10*t**2 + 15*t + 1. What are the prime factors of p(9)?
7, 31
Let n(i) = 3*i. Let w be n(1). Suppose -4*r + 1 + 3 = 0. Let t = w - r. What are the prime factors of t?
2
Let v(l) = 3*l**2 + 2*l - 5. List the prime factors of v(-4).
5, 7
List the prime factors of -2 - (-318 - (4 - 8)).
2, 3, 13
Suppose 392 = 2*q - 0. List the prime factors of q.
2, 7
Let x(g) = -g**3 - 3*g**2 + 5*g + 2. Let z be x(-4). Let o be 19/4 + z/(-8). Suppose 20 = -0*t + o*t. What are the prime factors of t?
2
Suppose -l - 10 = -3*l. Let g = 31 - 9. Suppose -5*f + g = c, 4*f - 27 = l*c + 8. List the prime factors of f.
5
Let r be -4 + 4 - (1 - 6). Suppose r*l = 4*d - 5 + 21, 0 = -3*d + 3. What are the prime factors of l?
2
Let g(a) = -a**3 + 10*a**2 - 2*a + 7. List the prime factors of g(8).
7, 17
Suppose -8 = 4*l - l - 4*t, -4*l = -2*t + 4. Suppose -3*u - 12 = 3*n + 2*u, l = -2*u + 6. What are the prime factors of -6*(1 - (-21)/n)?
2
Let t be -6 - (-1 + -1) - -135. Suppose -3*z + 5*k = -t, 0*z + 3*k = 5*z - 229. List the prime factors of z.
47
What are the prime factors of ((-14)/(-4))/(10/380)?
7, 19
Suppose -4*h = -4 - 4. Suppose 0 = -h*u + 10. What are the prime factors of u?
5
Suppose -3*v = -5*n - 21, -2*v - n + 10 = -3*n. Suppose v*h + 2*h = -8. What are the prime factors of (-4)/10*(h - 23)?
2, 5
Suppose 0*r + r = 0. Let h be r - (7*-3 + 2). Let k = h + -13. What are the prime factors of k?
2, 3
Let g be (9 - 13)/(2/(-9)). Suppose j - g - 12 = 0. List the prime factors of j.
2, 3, 5
Suppose 3*c - u = 17, -3*c + 0*u + 13 = u. Suppose 1 + c = 3*m. List the prime factors of m.
2
Let j(l) = l**2 - 6*l + 8. What are the prime factors of j(8)?
2, 3
Let z(r) = r**3 + 19*r**2 + 18*r + 4. What are the prime factors of z(-18)?
2
Suppose 341 = 5*q + 11. What are the prime factors of q?
2, 3, 11
Suppose -t = 2*t + 36. Let z be (t - (-6)/3) + 1. What are the prime factors of (-14)/(-3) - 3/z?
5
Let n(c) = 11*c**2 + 1. Let y be n(-1). Suppose -2*u = p - 24, -3*p + y + 4 = 2*u. List the prime factors of u.
2, 7
Let k(v) = -4*v + 9. List the prime factors of k(-15).
3, 23
Let o = -6 + 11. Let s = -18 + 30. Suppose o*r - 8 - s = 0. What are the prime factors of r?
2
Let q(w) = -12*w + 2. Let j be q(1). Let i be -7 + (-1 + 1)/(-1). Let f = i - j. What are the prime factors of f?
3
Suppose q + 3*t = 1, 3*q - 6*t + 3*t = 15. Suppose q*a - 10 = 2*a. What are the prime factors of a?
5
Let w(a) = a - 2. Let z be w(5). Suppose -2*b + b - 9 = -3*n, -4*b - n = -z. Suppose 5*u = -3*r + 5, 2*r + b*r = -u + 15. List the prime factors of r.
2, 5
Suppose 4*j + 4 = 5*q, -4*j - 4*q + 12 = -20. Suppose -j*x - 3*r + 16 = 2*r, 5*x = -5*r + 25. What are the prime factors of x?
3
Suppose 0*j - 85 = 5*j. Let s(o) = -o + 4. List the prime factors of s(j).
3, 7
Suppose 2*o = 4, 2*k - o - 139 - 1 = 0. What are the prime factors of k?
71
Let c = -37 - -96. List the prime factors of c.
59
Let j be 178*-2*(-1)/4. Let b = j - 61. What are the prime factors of b?
2, 7
Suppose -2*b - 82 = -v - 2*v, 3*v - 5*b - 88 = 0. List the prime factors of v.
2, 13
Let b = 50 + -34. What are the prime factors of b?
2
Suppose -7*u + 167 = -183. List the prime factors of u.
2, 5
Let i be 1 + (-3)/((-9)/(-3)). Suppose 3*r + 14 - 44 = i. List the prime factors of r.
2, 5
List the prime factors of 3/(-4)*-77 + (-2)/(-8).
2, 29
Suppose 0 = 2*c + s - 12, 0 = -3*c + 8*c + 5*s - 35. Suppose 43 = l + 5*x, -2 = 2*l - c*x - 58. List the prime factors of l.
3, 11
Suppose -2*m + 2*k - 8 = 0, 2*m + 3*k + 0*k = 2. Let f = 4 + m. Suppose -6 = -2*n + f. List the prime factors of n.
2
Suppose 2*b + 16 = 108. List the prime factors of b.
2, 23
Suppose i = 2*i - 3*w + 3, 4*i = -4*w + 36. Let x = i - 4. Suppose -x*c + p + 3 = -11, -c + 4*p = -7. List the prime factors of c.
7
Let j be 3 - -2 - (-4)/(-2). Suppose -i = -j*l + 53 - 6, -32 = -3*l - 2*i. What are the prime factors of l?
2, 7
Let q(u) = -7*u + 3. What are the prime factors of q(-4)?
31
Let y(g) = 4 + 2 + 0*g - g. What are the prime factors of y(-11)?
17
Let f = 5 - 0. Let b = f - 2. Suppose -2*z + 4*w = -b*z + 8, 2*z - w = 7. List the prime factors of z.
2
What are the prime factors of ((-2697)/116)/((-1)/4 + 0)?
3, 31
Suppose -168 = -17*v + 14*v. What are the prime factors of v?
2, 7
Suppose 0*r + 518 = 3*c + 4*r, 0 = 2*c - 2*r - 336. What are the prime factors of c?
2, 5, 17
Let j(r) = 2*r**2 - 18*r + 12. Let v(z) = z**2 - 9*z + 6. Let a(u) = 3*j(u) - 5*v(u). List the prime factors of a(9).
2, 3
Suppose 6 = c - 4*c. Let k(i) = 10*i**2 + i - 2. What are the prime factors of k(c)?
2, 3
Let p(i) = 14*i**2 - 3*i - 4. List the prime factors of p(3).
113
Let z(k) = k**3 + 6*k**2 - k + 8. What are the prime factors of z(-6)?
2, 7
Let d(o) = o - 3. Let k(f) = -f - 2. Let h be k(-5). Let p be d(h). Suppose 2*m + g - 13 - 1 = p, 0 = -2*g. What are the prime factors of m?
7
Let s(m) be the third derivative of -3*m**6/40 + m**5/30 + m**4/24 - m**2. List the prime factors of s(-1).
2, 5
Let v = 10 - 8. Let d = -7 + v. Let n = d - -11. What are the prime factors of n?
2, 3
Let b be 6/(-18) + (-26)/(-6). Suppose v + v - 2 = 2*t, t = b*v + 8. List the prime factors of 55/4 + v/4.
13
Let u be (8/4 - 2) + 22. Suppose 3*t - 4*t - 3*l = -u, -3*t - l = -106. What are the prime factors of t?
37
What are the prime factors of 8/10 + (-216)/(-5)?
2, 11
Let g = -3 + 3. Suppose -2*k + 15 + 13 = g. List the prime factors of k.
2, 7
Let s(l) = l**2 + 3*l. Suppose -2*r - 3*n = -6*n - 8, -r = -4*n - 4. Suppose -r*c = -3*c + 4. List the prime factors of s(c).
2
Suppose 16*w - 21*w = -70. List the prime factors of w.
2, 7
Let k(c) = c. Let x be k(4). Suppose 5*z - 2 = x*z. What are the prime factors of z?
2
Suppose 2*p = -p + 27. Let w = 3 + p. What are the prime factors of w?
2, 3
Let f(g) = -g + 4. Suppose 2 = -5*t - 8, 0 = 3*j + 3*t - 27. Let s(r) = -2*r + 7. Let x(v) = j*f(v) - 6*s(v). List the prime factors of x(8).
2, 5
Suppose 4*d + 5*w = -0*w + 9, 2 = 4*d - 2*w. Suppose -y - d = -3. Suppose 0 = -o + k + 3, 3 = y*o - 0*o - 3*k. List the prime factors of o.
2, 3
What are the prime factors of 4/10 - (-36)/10?
2
Suppose 1 = -4*f + 45. List the prime factors of f.
11
Suppose 6*o - 8 = 2*o. Suppose 0 = -x + 2, 41 = 4*j - o*x - 15. List the prime factors of j.
3, 5
Suppose 4*a + a + 50 = -2*v, -5*v + 50 = -5*a. What are the prime factors of (-188)/a + (-44)/55?
2, 3
Let p be 2/(54/51 + -1). Suppose -d - p = -2*u + 4*d, d + 32 = 4*u. What are the prime factors of u?
7
Let x(r) = -r**3 + 9*r**2 - r + 8. Let t be x(9). Let z(v) = -3*v**3 + v + 1. List the prime factors of z(t).
3
What are the prime factors of 4784/39*3/2?
2, 23
Let u = -8 - -11. Let n be 0*3/18*u. List the prime factors of 2 + -2 - (-12 + n).
2, 3
What are the prime factors of (-3243)/(-27) - 3*(-4)/(-108)?
2, 3, 5
Let w = -50 + 104. List the prime factors of w.
2, 3
Suppose -3*i - 2*d + 23 + 31 = 